{"id":252,"date":"2021-08-18T05:35:45","date_gmt":"2021-08-18T05:35:45","guid":{"rendered":"https:\/\/piedrasbarro.com\/index.php\/about\/"},"modified":"2023-11-27T22:18:44","modified_gmt":"2023-11-27T21:18:44","slug":"quienes-somos","status":"publish","type":"page","link":"https:\/\/piedrasbarro.com\/index.php\/quienes-somos\/","title":{"rendered":"Qui\u00e9nes somos"},"content":{"rendered":"\t\t<div data-elementor-type=\"wp-page\" data-elementor-id=\"252\" class=\"elementor elementor-252\">\n\t\t\t\t\t\t<section class=\"elementor-section elementor-top-section elementor-element elementor-element-1336c617 elementor-section-height-min-height elementor-section-boxed elementor-section-height-default elementor-section-items-middle\" data-id=\"1336c617\" data-element_type=\"section\" data-settings=\"{&quot;background_background&quot;:&quot;classic&quot;}\">\n\t\t\t\t\t\t<div class=\"elementor-container elementor-column-gap-default\">\n\t\t\t\t\t<div class=\"elementor-column elementor-col-100 elementor-top-column elementor-element elementor-element-7f957220\" data-id=\"7f957220\" data-element_type=\"column\">\n\t\t\t<div class=\"elementor-widget-wrap elementor-element-populated\">\n\t\t\t\t\t\t<div class=\"elementor-element elementor-element-617f05d8 elementor-widget elementor-widget-heading\" data-id=\"617f05d8\" data-element_type=\"widget\" data-widget_type=\"heading.default\">\n\t\t\t\t<div class=\"elementor-widget-container\">\n\t\t\t\t\t<h1 class=\"elementor-heading-title elementor-size-default\">\u00bfQuienes somos?\n<\/h1>\t\t\t\t<\/div>\n\t\t\t\t<\/div>\n\t\t\t\t\t<\/div>\n\t\t<\/div>\n\t\t\t\t\t<\/div>\n\t\t<\/section>\n\t\t<div class=\"elementor-element elementor-element-acdc66f e-flex e-con-boxed e-con e-parent\" data-id=\"acdc66f\" data-element_type=\"container\">\n\t\t\t\t\t<div class=\"e-con-inner\">\n\t\t<div class=\"elementor-element elementor-element-fce9c54 e-con-full e-flex e-con e-child\" data-id=\"fce9c54\" data-element_type=\"container\">\n\t\t\t\t<div class=\"elementor-element elementor-element-fd53f7d elementor-widget elementor-widget-heading\" data-id=\"fd53f7d\" data-element_type=\"widget\" data-widget_type=\"heading.default\">\n\t\t\t\t<div class=\"elementor-widget-container\">\n\t\t\t\t\t<h2 class=\"elementor-heading-title elementor-size-default\">Nuestra misi\u00f3n<\/h2>\t\t\t\t<\/div>\n\t\t\t\t<\/div>\n\t\t\t\t<div class=\"elementor-element elementor-element-08b9dff elementor-widget elementor-widget-text-editor\" data-id=\"08b9dff\" data-element_type=\"widget\" data-widget_type=\"text-editor.default\">\n\t\t\t\t<div class=\"elementor-widget-container\">\n\t\t\t\t\t\t\t\t\t<p>Nuestra historia comenz\u00f3 en la monta\u00f1a, donde un par de amigos compart\u00edan una pasi\u00f3n por la aventura al aire libre. Nos embarcamos en una emocionante aventura de enduro MTB.<\/p><p>Recorrimos senderos que se desplegaban ante nosotros. Cada subida y descenso nos llenaba de adrenalina junto a un paisaje impresionante.<\/p><p>Despu\u00e9s de un d\u00eda agotador, acampamos junto a un riachuelo, compartiendo historias junto a una mini barbacoa. Fue entonces cuando decidimos dar el salto al mundo del Overland. Colgamos nuestras bicis en los coches y nos adentramos en nuestros 4&#215;4, preparados con todo lo necesario para una expedici\u00f3n en la naturaleza.<\/p><p>La combinaci\u00f3n de la emoci\u00f3n de la conducci\u00f3n todoterreno y la belleza natural que nos rodeaba hizo que cada minuto valiera la pena. Acampamos bajo el cielo estrellado, compartiendo momentos geniales entre amigos y familiares, en la intimidad de la naturaleza.<\/p><p>En medio de nuestra aventura, es cuando decidimos abrir una tienda online que ofreciera accesorios de alta calidad y sostenibles para bici de monta\u00f1a y veh\u00edculos 4&#215;4.<\/p><p>Empezando por productos de cocina respetuosos con el medio ambiente y ropa duradera.<\/p><p>La historia continuara&#8230;<\/p><p>Disfruta de la aventura.<\/p>\t\t\t\t\t\t\t\t<\/div>\n\t\t\t\t<\/div>\n\t\t\t\t<\/div>\n\t\t<div class=\"elementor-element elementor-element-041612a e-con-full e-flex e-con e-child\" data-id=\"041612a\" data-element_type=\"container\">\n\t\t<div class=\"elementor-element elementor-element-5c9c6b4 e-flex e-con-boxed e-con e-child\" data-id=\"5c9c6b4\" data-element_type=\"container\">\n\t\t\t\t\t<div class=\"e-con-inner\">\n\t\t\t\t<div class=\"elementor-element elementor-element-2e22a1b elementor-widget elementor-widget-image\" data-id=\"2e22a1b\" data-element_type=\"widget\" data-widget_type=\"image.default\">\n\t\t\t\t<div class=\"elementor-widget-container\">\n\t\t\t\t\t\t\t\t\t\t\t\t\t\t\t<img fetchpriority=\"high\" decoding=\"async\" width=\"1024\" height=\"461\" src=\"https:\/\/piedrasbarro.com\/wp-content\/uploads\/2023\/10\/20230908_2253302-1024x461.jpg\" class=\"attachment-large size-large wp-image-1521\" alt=\"\" srcset=\"https:\/\/piedrasbarro.com\/wp-content\/uploads\/2023\/10\/20230908_2253302-1024x461.jpg 1024w, https:\/\/piedrasbarro.com\/wp-content\/uploads\/2023\/10\/20230908_2253302-300x135.jpg 300w, https:\/\/piedrasbarro.com\/wp-content\/uploads\/2023\/10\/20230908_2253302-768x346.jpg 768w, https:\/\/piedrasbarro.com\/wp-content\/uploads\/2023\/10\/20230908_2253302-1536x691.jpg 1536w, https:\/\/piedrasbarro.com\/wp-content\/uploads\/2023\/10\/20230908_2253302-2048x922.jpg 2048w, https:\/\/piedrasbarro.com\/wp-content\/uploads\/2023\/10\/20230908_2253302-600x270.jpg 600w\" sizes=\"(max-width: 1024px) 100vw, 1024px\" \/>\t\t\t\t\t\t\t\t\t\t\t\t\t\t\t<\/div>\n\t\t\t\t<\/div>\n\t\t\t\t\t<\/div>\n\t\t\t\t<\/div>\n\t\t<div class=\"elementor-element elementor-element-94d5ed9 e-flex e-con-boxed e-con e-child\" data-id=\"94d5ed9\" data-element_type=\"container\">\n\t\t\t\t\t<div class=\"e-con-inner\">\n\t\t\t\t<div class=\"elementor-element elementor-element-4d8dfe0 elementor-widget elementor-widget-image\" data-id=\"4d8dfe0\" data-element_type=\"widget\" data-widget_type=\"image.default\">\n\t\t\t\t<div class=\"elementor-widget-container\">\n\t\t\t\t\t\t\t\t\t\t\t\t\t\t\t<img decoding=\"async\" width=\"1024\" height=\"762\" src=\"https:\/\/piedrasbarro.com\/wp-content\/uploads\/2023\/10\/Our-Mission-min-1024x762.jpg\" class=\"attachment-large size-large wp-image-1414\" alt=\"\" srcset=\"https:\/\/piedrasbarro.com\/wp-content\/uploads\/2023\/10\/Our-Mission-min-1024x762.jpg 1024w, https:\/\/piedrasbarro.com\/wp-content\/uploads\/2023\/10\/Our-Mission-min-600x447.jpg 600w, https:\/\/piedrasbarro.com\/wp-content\/uploads\/2023\/10\/Our-Mission-min-300x223.jpg 300w, https:\/\/piedrasbarro.com\/wp-content\/uploads\/2023\/10\/Our-Mission-min-768x572.jpg 768w, https:\/\/piedrasbarro.com\/wp-content\/uploads\/2023\/10\/Our-Mission-min.jpg 1236w\" sizes=\"(max-width: 1024px) 100vw, 1024px\" \/>\t\t\t\t\t\t\t\t\t\t\t\t\t\t\t<\/div>\n\t\t\t\t<\/div>\n\t\t\t\t\t<\/div>\n\t\t\t\t<\/div>\n\t\t\t\t<\/div>\n\t\t\t\t\t<\/div>\n\t\t\t\t<\/div>\n\t\t\t\t<section class=\"elementor-section elementor-top-section elementor-element elementor-element-bfeba12 elementor-section-content-middle elementor-section-boxed elementor-section-height-default elementor-section-height-default\" data-id=\"bfeba12\" data-element_type=\"section\" data-settings=\"{&quot;background_background&quot;:&quot;classic&quot;}\">\n\t\t\t\t\t\t<div class=\"elementor-container elementor-column-gap-default\">\n\t\t\t\t\t<div class=\"elementor-column elementor-col-100 elementor-top-column elementor-element elementor-element-3bee8fb8\" data-id=\"3bee8fb8\" data-element_type=\"column\">\n\t\t\t<div class=\"elementor-widget-wrap elementor-element-populated\">\n\t\t\t\t\t\t<div class=\"elementor-element elementor-element-4e059b51 elementor-widget elementor-widget-heading\" data-id=\"4e059b51\" data-element_type=\"widget\" data-widget_type=\"heading.default\">\n\t\t\t\t<div class=\"elementor-widget-container\">\n\t\t\t\t\t<h2 class=\"elementor-heading-title elementor-size-default\">El blog con el que te quedaras con el culo torcido\n<\/h2>\t\t\t\t<\/div>\n\t\t\t\t<\/div>\n\t\t\t\t<div class=\"elementor-element elementor-element-108c720a elementor-widget elementor-widget-text-editor\" data-id=\"108c720a\" data-element_type=\"widget\" data-widget_type=\"text-editor.default\">\n\t\t\t\t<div class=\"elementor-widget-container\">\n\t\t\t\t\t\t\t\t\t<p>En este blog podr\u00e1s ver\u00a0<span class=\"\" data-message=\"Si es adjetivo o nombre, se escribe con tilde.\" data-shortmessage=\"None\" data-result=\"nuestras \u00faltimas\">nuestras \u00faltimas<\/span>\u00a0aventuras, las reparaciones que le hacemos a las\u00a0<span class=\"\" data-message=\"Si es adjetivo o nombre, se escribe con tilde.\" data-shortmessage=\"None\" data-result=\"m\u00e1quinas\">m\u00e1quinas<\/span>, las\u00a0<span class=\"correctorcastellano TYPOS highlight\" data-message=\"Se ha encontrado un posible error ortogr\u00e1fico.\" data-shortmessage=\"Error de ortograf\u00eda\" data-result=\"chuchos|achuches|ah\u00faches|cheches|chiches|chuces|chuchas|chuchea|chucheas|chuchee|chuchees|chucheo|chuche\u00e1|chuche\u00e1s|chuche\u00e9|chuche\u00f3|chunches\">chuches<\/span>\u00a0que instalamos y como no, mucho buen rollo.<\/p>\t\t\t\t\t\t\t\t<\/div>\n\t\t\t\t<\/div>\n\t\t\t\t<div class=\"elementor-element elementor-element-4bcfef7 elementor-align-center elementor-widget elementor-widget-button\" data-id=\"4bcfef7\" data-element_type=\"widget\" data-widget_type=\"button.default\">\n\t\t\t\t<div class=\"elementor-widget-container\">\n\t\t\t\t\t\t\t\t\t<div class=\"elementor-button-wrapper\">\n\t\t\t\t\t<a class=\"elementor-button elementor-button-link elementor-size-sm\" href=\"#\">\n\t\t\t\t\t\t<span class=\"elementor-button-content-wrapper\">\n\t\t\t\t\t\t\t\t\t<span class=\"elementor-button-text\">Piedras&Blogs<\/span>\n\t\t\t\t\t<\/span>\n\t\t\t\t\t<\/a>\n\t\t\t\t<\/div>\n\t\t\t\t\t\t\t\t<\/div>\n\t\t\t\t<\/div>\n\t\t\t\t\t<\/div>\n\t\t<\/div>\n\t\t\t\t\t<\/div>\n\t\t<\/section>\n\t\t\t\t<\/div>\n\t\t","protected":false},"excerpt":{"rendered":"<p>\u00bfQuienes somos? Nuestra misi\u00f3n Nuestra historia comenz\u00f3 en la monta\u00f1a, donde un par de amigos compart\u00edan una pasi\u00f3n por la aventura al aire libre. Nos embarcamos en una emocionante aventura de enduro MTB. Recorrimos senderos que se desplegaban ante nosotros. Cada subida y descenso nos llenaba de adrenalina junto a un paisaje impresionante. Despu\u00e9s de [&hellip;]<\/p>\n","protected":false},"author":1,"featured_media":0,"parent":0,"menu_order":0,"comment_status":"closed","ping_status":"closed","template":"elementor_header_footer","meta":{"site-sidebar-layout":"no-sidebar","site-content-layout":"page-builder","ast-site-content-layout":"full-width-container","site-content-style":"unboxed","site-sidebar-style":"unboxed","ast-global-header-display":"","ast-banner-title-visibility":"","ast-main-header-display":"","ast-hfb-above-header-display":"","ast-hfb-below-header-display":"","ast-hfb-mobile-header-display":"","site-post-title":"disabled","ast-breadcrumbs-content":"disabled","ast-featured-img":"disabled","footer-sml-layout":"","theme-transparent-header-meta":"enabled","adv-header-id-meta":"","stick-header-meta":"","header-above-stick-meta":"","header-main-stick-meta":"","header-below-stick-meta":"","astra-migrate-meta-layouts":"set","ast-page-background-enabled":"default","ast-page-background-meta":{"desktop":{"background-color":"var(--ast-global-color-4)","background-image":"","background-repeat":"repeat","background-position":"center center","background-size":"auto","background-attachment":"scroll","background-type":"","background-media":"","overlay-type":"","overlay-color":"","overlay-opacity":"","overlay-gradient":""},"tablet":{"background-color":"","background-image":"","background-repeat":"repeat","background-position":"center center","background-size":"auto","background-attachment":"scroll","background-type":"","background-media":"","overlay-type":"","overlay-color":"","overlay-opacity":"","overlay-gradient":""},"mobile":{"background-color":"","background-image":"","background-repeat":"repeat","background-position":"center center","background-size":"auto","background-attachment":"scroll","background-type":"","background-media":"","overlay-type":"","overlay-color":"","overlay-opacity":"","overlay-gradient":""}},"ast-content-background-meta":{"desktop":{"background-color":"var(--ast-global-color-5)","background-image":"","background-repeat":"repeat","background-position":"center center","background-size":"auto","background-attachment":"scroll","background-type":"","background-media":"","overlay-type":"","overlay-color":"","overlay-opacity":"","overlay-gradient":""},"tablet":{"background-color":"var(--ast-global-color-5)","background-image":"","background-repeat":"repeat","background-position":"center center","background-size":"auto","background-attachment":"scroll","background-type":"","background-media":"","overlay-type":"","overlay-color":"","overlay-opacity":"","overlay-gradient":""},"mobile":{"background-color":"var(--ast-global-color-5)","background-image":"","background-repeat":"repeat","background-position":"center center","background-size":"auto","background-attachment":"scroll","background-type":"","background-media":"","overlay-type":"","overlay-color":"","overlay-opacity":"","overlay-gradient":""}},"_joinchat":[],"footnotes":""},"class_list":["post-252","page","type-page","status-publish","hentry"],"jetpack_sharing_enabled":true,"_links":{"self":[{"href":"https:\/\/piedrasbarro.com\/index.php\/wp-json\/wp\/v2\/pages\/252","targetHints":{"allow":["GET"]}}],"collection":[{"href":"https:\/\/piedrasbarro.com\/index.php\/wp-json\/wp\/v2\/pages"}],"about":[{"href":"https:\/\/piedrasbarro.com\/index.php\/wp-json\/wp\/v2\/types\/page"}],"author":[{"embeddable":true,"href":"https:\/\/piedrasbarro.com\/index.php\/wp-json\/wp\/v2\/users\/1"}],"replies":[{"embeddable":true,"href":"https:\/\/piedrasbarro.com\/index.php\/wp-json\/wp\/v2\/comments?post=252"}],"version-history":[{"count":38,"href":"https:\/\/piedrasbarro.com\/index.php\/wp-json\/wp\/v2\/pages\/252\/revisions"}],"predecessor-version":[{"id":1619,"href":"https:\/\/piedrasbarro.com\/index.php\/wp-json\/wp\/v2\/pages\/252\/revisions\/1619"}],"wp:attachment":[{"href":"https:\/\/piedrasbarro.com\/index.php\/wp-json\/wp\/v2\/media?parent=252"}],"curies":[{"name":"wp","href":"https:\/\/api.w.org\/{rel}","templated":true}]}}